pose -2*h - 5*c = -3*c + 64, -2*c - 163 = 5*h. Let k(q) = -3*q - 42. Calculate the remainder when 111 is divided by k(h).
54
Suppose 56*d - 274*d + 6758 = 0. What is the remainder when 329 is divided by d?
19
Let b(v) = -35*v - 141. Let i be b(-4). What is the remainder when i - 5 - (-682)/31 is divided by 6/(-9) - (-20)/3?
4
Let v(s) = -320*s - 1543. Calculate the remainder when 157 is divided by v(-5).
43
Let l be (1/2 + -1)/(21/298872). Let r be 2/4 + l/(-8). Suppose 0 = -f - 9*f + r. Calculate the remainder when f is divided by 15.
14
Let x be (-2 + 1)*-1*60. Suppose 5*r - 5*d = -5, -2*r - 14 = -0*r - 5*d. Suppose r*g = g + x. What is the remainder when g is divided by 7?
2
Let k = -28160 + 28203. What is the remainder when 180 is divided by k?
8
Let p(f) = 2*f**2 - 8*f + 8. Let a be p(2). Suppose 222*b - 216*b - 192 = a. What is the remainder when 177 is divided by b?
17
Let i(b) = -b**2 + 33*b - 209. Let f be i(23). Suppose -3*j - f = -42. Calculate the remainder when 552 is divided by j.
6
Suppose -2*g + z + 545 = 0, 368*z = -4*g + 363*z + 1069. Calculate the remainder when g is divided by 119.
33
Let l be (-95)/(-35) + 5 + (-132)/28. Suppose -3*j + 615 = l*d, 0 = -d + 6*d + j - 1021. Calculate the remainder when d is divided by 21.
15
Let q(s) = -s + 63. Suppose -3*k + 86 = 2*d, 3*d - 46 - 18 = -2*k. Calculate the remainder when q(6) is divided by k.
5
Let f be 8/3*(-3 - 84/(-16)). Suppose 0 = -q + 5*x + 155, -821 = -f*q + q + 2*x. Suppose -q = -5*d - 85. Calculate the remainder when 189 is divided by d.
13
Let g = -24 - -62. Let f = 42 - 42. Suppose 2*t - o - 18 = -5*o, -5*t - 3*o + 31 = f. What is the remainder when g is divided by t?
3
Let h = -14272 - -14278. Calculate the remainder when 10257 is divided by h.
3
Suppose -8*p + 1688 = 3*q - 6*p, 2*p + 2808 = 5*q. Calculate the remainder when q is divided by 47.
45
Suppose 154*v - 149*v + 415 = 4*p, -p + 4*v = -90. What is the remainder when 5607 is divided by p?
107
Let u = 0 - -52. Suppose -n - u = -3*n. What is the remainder when 55 - ((5 - 9) + 8) is divided by n?
25
Let l(k) = 347*k - 11070. What is the remainder when 201 is divided by l(32)?
31
Suppose 3*z - v = -663, 2*v = -2*z + v - 437. Let j = 29 - z. Calculate the remainder when j is divided by 42.
39
Suppose 4*s = -7 + 55. Let i be (54/(-72))/((1 + 0)/28). Let l = i + 22. Calculate the remainder when s is divided by l.
0
Let c(b) = 6*b**2 + 4*b + 16. Let x be c(-4). What is the remainder when (27*(-8)/x)/(6/(-1744)) is divided by 82?
80
Let t(q) = -17*q + 137. Let s be t(8). What is the remainder when (-1 - (-40 + -5)) + s is divided by 0 + (0 - (-2 - 11))?
6
Suppose 31*p - 476 = -x + 34*p, 0 = 3*x - 5*p - 1452. What is the remainder when x is divided by 54?
8
Suppose 164*m - 175*m + 341 = 0. Calculate the remainder when 354 is divided by m.
13
Suppose 3*w + 3*w = -97*w + 2472. What is the remainder when 9261 is divided by w?
21
Let w be (-36)/(-10) + (-18)/30. Let q(s) = 44*s - 19. Calculate the remainder when q(w) is divided by 29.
26
Suppose 20 = t - 10. Suppose 3*r + t = x, -5*r = -7*x + 4*x + 86. What is the remainder when 66 is divided by x?
12
Let g = 12 + -27. Let t = -29 - g. Calculate the remainder when 45 is divided by (t/(-42))/(-1 + (-49)/(-48)).
13
Let b(h) = 5*h**3 + 133*h**2 + 11*h + 208. What is the remainder when b(-26) is divided by 648?
6
Let i be (-16)/(-9) - 10/(-45). Suppose 0 = -i*d + 7*d - 550. Suppose 0 = -5*y + d - 35. What is the remainder when 43 is divided by y?
13
Let q = -30 - -40. Let p be (q - 0)*(-6)/(-15). Suppose -p*i + 32 = -5*j, 0 = -2*j + 10 - 2. Calculate the remainder when 24 is divided by i.
11
Let z = 26675 + -18607. Calculate the remainder when z is divided by 10.
8
Let v(j) = -j**2 + 157*j - 2264. Calculate the remainder when 630 is divided by v(17).
50
Suppose 2*o = -100 + 132. Calculate the remainder when (-528)/(20/(-5)) - -7 is divided by o.
11
Let n(r) = 763*r + 1598. Calculate the remainder when 429 is divided by n(-2).
69
Let q(w) = 300*w - 1353. Calculate the remainder when 560 is divided by q(5).
119
Let s(i) = -i + 12. Let v be s(-8). Let o be (-1 - -5)*25/v. Suppose -2*w - n = -21, -5*w + o*n - 35 + 95 = 0. Calculate the remainder when 28 is divided by w.
6
Let m(g) = -841*g - 36122. Suppose 4*f - 3 = -u + 2, 3*u + 3*f = -3. Let b = u + 14. What is the remainder when m(-43) is divided by b?
8
Suppose 3*l + 5*h = 7 + 5, -2*l = h - 8. Suppose 4*f + 55 = 2*x - 133, 0 = 5*x - l*f - 440. Calculate the remainder when x is divided by 19.
8
Let m = 208 - 139. Calculate the remainder when m is divided by (-44)/((-2464)/(-70)) - ((-73)/4 + 3).
13
Let u = -10768 + 10787. What is the remainder when 198 is divided by u?
8
Let m(b) = 12*b - 31. Let g(z) = 2*z - 6*z - 7*z + 0*z + 31. Let a(j) = -3*g(j) - 2*m(j). Calculate the remainder when a(9) is divided by 13.
11
Suppose 2*m + 10 = 22. Calculate the remainder when -5 - (-245 + -1 + m) is divided by 34.
31
Suppose 9609 = 25*r + 1259. What is the remainder when r is divided by 81?
10
Let y(o) = -o**3 - 28*o**2 - 75*o + 2. Let i be y(-25). Calculate the remainder when ((-16)/(-24))/(i/2175) - -4 is divided by 17.
15
Let f = 68 - 59. Suppose 0 = f*y + 6*y - 90. Let z = -13 - -23. What is the remainder when z is divided by y?
4
Let x(w) = 2*w**3 - 7*w**2 + 11*w - 23. Let h be x(5). Suppose 0 = -z + 158 - h. Calculate the remainder when 407 is divided by z.
50
What is the remainder when 12584 is divided by -5*((-18)/(-36))/(385/410 + -1)?
38
Let w(s) = s + 29. Suppose -3*b + 4*b = u - 11, -2*u + 16 = -b. Let m be w(b). Calculate the remainder when 43 is divided by m + (-2 - -1 - 2) + 2.
21
Suppose -26*s - 83*s + 2398 = 0. What is the remainder when 524 is divided by s?
18
Let t(x) = 2*x**2 + 15*x + 11. Let f be t(-10). Let i(g) = -3*g - 2 - f*g**3 - g**2 - 69*g**3 + 2*g**2 + 0. What is the remainder when i(-1) is divided by 34?
30
Let p(o) = 8*o**3 - o**2 + o + 3. Let t(u) = 2*u + 20. Suppose -5*i - 8 = 37. Let g be t(i). Calculate the remainder when p(g) is divided by 22.
21
Suppose w - 4*z + 98 = 0, 4*w + z = 2*z - 407. Let i = w + 296. What is the remainder when i is divided by 39?
38
Let i(u) = u**3 + 10*u**2 - 3*u - 18. Let z be i(-10). Suppose 19*h - z*h = 910. Let c = h - 122. Calculate the remainder when 79 is divided by c.
7
Let z be (0 - -4) + -6 + 5. Suppose z*p - 18 = -3*p. Suppose -p*r = 4*w + 20 - 103, -3 = -3*r. What is the remainder when w is divided by 8?
4
Let k = -33768 - -33839. What is the remainder when k is divided by 24?
23
Suppose 4*k + 5*o - 139 = 0, 10*o - 9*o - 3 = 0. What is the remainder when 494 is divided by k?
29
Let g be (-3)/((8/(328/(-3)))/2). Let f = -40 + g. What is the remainder when f is divided by 9?
6
Let p(l) = l**3 - 7*l**2 + 11*l - 2. Let s be p(6). Suppose s = -2*r + 9*r. Let t = 181 + r. Calculate the remainder when t is divided by 47.
44
Let v = -3417 - -3429. What is the remainder when 311 is divided by v?
11
Let i(c) = 41*c - 544. Let t(y) = 18*y - 272. Let o(g) = -2*i(g) + 5*t(g). Calculate the remainder when 45 is divided by o(37).
21
Suppose -1 = 3*v - 4, -3*w = 5*v + 904. Let m = -284 - w. Calculate the remainder when 36 is divided by m.
17
Calculate the remainder when 340 is divided by -5 + 17/6 + 5/30 + 330.
12
What is the remainder when -5 + ((-4)/(-5) - 14/(350/(-15655))) is divided by 125?
122
Let r(j) = 24 + 2*j**2 + 6*j**2 - 7*j - j**2 - 5*j**2. Calculate the remainder when r(6) is divided by 7.
5
Let a = -167 + 171. Suppose 12 = -5*t + t, 5*n - 112 = a*t. Calculate the remainder when 37 is divided by n.
17
Suppose -5*v + 426 = 281. Calculate the remainder when v is divided by 15.
14
What is the remainder when 628 is divided by (-1168)/(-13) - 7/((-1911)/42)?
88
Suppose -7 = t + 12. Suppose -4*s - 5*q = -235, 0*s = 3*s - 5*q - 150. Calculate the remainder when s is divided by 1/(4 + 75/t).
17
Let q(y) be the third derivative of y**5/30 - 4*y**4/3 + 32*y**3/3 + 4*y**2 + 2*y. What is the remainder when 49 is divided by q(14)?
1
Suppose -x - 20*h + 18*h = -735, 2*x - 2*h - 1452 = 0. What is the remainder when x is divided by 150?
129
Calculate the remainder when 504 is divided by 202 - (611/94)/((-1)/2).
74
Suppose -2*y - l + 267 = 98, -5*y + 4*l + 390 = 0. What is the re